{"id":783,"date":"2022-07-18T18:11:15","date_gmt":"2022-07-18T16:11:15","guid":{"rendered":"https:\/\/veslud.com\/?page_id=783"},"modified":"2022-07-18T18:11:16","modified_gmt":"2022-07-18T16:11:16","slug":"celebrations-du-14-juillet","status":"publish","type":"page","link":"https:\/\/veslud.com\/index.php\/celebrations-du-14-juillet\/","title":{"rendered":"C\u00e9l\u00e9brations du 14 Juillet"},"content":{"rendered":"\n<p><\/p>\n\n\n\n<figure class=\"wp-block-image size-large\"><img loading=\"lazy\" decoding=\"async\" width=\"1024\" height=\"730\" src=\"https:\/\/veslud.com\/wp-content\/uploads\/2022\/07\/14-Juillet-1-2022-1024x730.jpg\" alt=\"\" class=\"wp-image-785\" srcset=\"https:\/\/veslud.com\/wp-content\/uploads\/2022\/07\/14-Juillet-1-2022-1024x730.jpg 1024w, https:\/\/veslud.com\/wp-content\/uploads\/2022\/07\/14-Juillet-1-2022-300x214.jpg 300w, https:\/\/veslud.com\/wp-content\/uploads\/2022\/07\/14-Juillet-1-2022-768x548.jpg 768w, https:\/\/veslud.com\/wp-content\/uploads\/2022\/07\/14-Juillet-1-2022-1536x1095.jpg 1536w, https:\/\/veslud.com\/wp-content\/uploads\/2022\/07\/14-Juillet-1-2022-2048x1460.jpg 2048w\" sizes=\"auto, (max-width: 1024px) 100vw, 1024px\" \/><\/figure>\n\n\n\n<p>La c\u00e9l\u00e9bration de la f\u00eate nationale, en compagnie des anciens combattants,  a r\u00e9uni les habitants de Veslud ce jeudi 14 juillet pour le d\u00e9p\u00f4t d&rsquo;une gerbe de fleurs au monument aux morts.<\/p>\n\n\n\n<p><\/p>\n\n\n\n<div class=\"wp-block-media-text alignwide is-stacked-on-mobile\"><figure class=\"wp-block-media-text__media\"><img loading=\"lazy\" decoding=\"async\" width=\"1024\" height=\"727\" src=\"https:\/\/veslud.com\/wp-content\/uploads\/2022\/07\/14-Juillet-2-2022-1024x727.jpg\" alt=\"\" class=\"wp-image-786 size-full\" srcset=\"https:\/\/veslud.com\/wp-content\/uploads\/2022\/07\/14-Juillet-2-2022-1024x727.jpg 1024w, https:\/\/veslud.com\/wp-content\/uploads\/2022\/07\/14-Juillet-2-2022-300x213.jpg 300w, https:\/\/veslud.com\/wp-content\/uploads\/2022\/07\/14-Juillet-2-2022-768x545.jpg 768w, https:\/\/veslud.com\/wp-content\/uploads\/2022\/07\/14-Juillet-2-2022-1536x1091.jpg 1536w, https:\/\/veslud.com\/wp-content\/uploads\/2022\/07\/14-Juillet-2-2022-2048x1454.jpg 2048w\" sizes=\"auto, (max-width: 1024px) 100vw, 1024px\" \/><\/figure><div class=\"wp-block-media-text__content\">\n<p>Au terme de la c\u00e9r\u00e9monie, tous les participants se sont retrouv\u00e9s pour un vin d&rsquo;honneur qui, chaleur oblige, a eu lieu en plein air.<\/p>\n\n\n\n<p>Un grand merci \u00e0 eux pour leur pr\u00e9sence.<\/p>\n<\/div><\/div>\n","protected":false},"excerpt":{"rendered":"<p>La c\u00e9l\u00e9bration de la f\u00eate nationale, en compagnie des anciens combattants, a r\u00e9uni les habitants de Veslud ce jeudi 14 juillet pour le d\u00e9p\u00f4t d&rsquo;une gerbe de fleurs au monument aux morts. Au terme de la c\u00e9r\u00e9monie, tous les participants se sont retrouv\u00e9s pour un vin d&rsquo;honneur qui, chaleur oblige, a eu lieu en plein air. Un grand merci \u00e0 eux pour leur pr\u00e9sence.<\/p>\n","protected":false},"author":1,"featured_media":410,"parent":0,"menu_order":0,"comment_status":"closed","ping_status":"closed","template":"","meta":{"footnotes":""},"class_list":["post-783","page","type-page","status-publish","has-post-thumbnail"],"_links":{"self":[{"href":"https:\/\/veslud.com\/index.php\/wp-json\/wp\/v2\/pages\/783","targetHints":{"allow":["GET"]}}],"collection":[{"href":"https:\/\/veslud.com\/index.php\/wp-json\/wp\/v2\/pages"}],"about":[{"href":"https:\/\/veslud.com\/index.php\/wp-json\/wp\/v2\/types\/page"}],"author":[{"embeddable":true,"href":"https:\/\/veslud.com\/index.php\/wp-json\/wp\/v2\/users\/1"}],"replies":[{"embeddable":true,"href":"https:\/\/veslud.com\/index.php\/wp-json\/wp\/v2\/comments?post=783"}],"version-history":[{"count":4,"href":"https:\/\/veslud.com\/index.php\/wp-json\/wp\/v2\/pages\/783\/revisions"}],"predecessor-version":[{"id":789,"href":"https:\/\/veslud.com\/index.php\/wp-json\/wp\/v2\/pages\/783\/revisions\/789"}],"wp:featuredmedia":[{"embeddable":true,"href":"https:\/\/veslud.com\/index.php\/wp-json\/wp\/v2\/media\/410"}],"wp:attachment":[{"href":"https:\/\/veslud.com\/index.php\/wp-json\/wp\/v2\/media?parent=783"}],"curies":[{"name":"wp","href":"https:\/\/api.w.org\/{rel}","templated":true}]}}

Célébrations du 14 Juillet

<p></p>



<figure class="wp-block-image size-large"><img loading="lazy" decoding="async" width="1024" height="730" src="https://veslud.com/wp-content/uploads/2022/07/14-Juillet-1-2022-1024x730.jpg" alt="" class="wp-image-785" srcset="https://veslud.com/wp-content/uploads/2022/07/14-Juillet-1-2022-1024x730.jpg 1024w, https://veslud.com/wp-content/uploads/2022/07/14-Juillet-1-2022-300x214.jpg 300w, https://veslud.com/wp-content/uploads/2022/07/14-Juillet-1-2022-768x548.jpg 768w, https://veslud.com/wp-content/uploads/2022/07/14-Juillet-1-2022-1536x1095.jpg 1536w, https://veslud.com/wp-content/uploads/2022/07/14-Juillet-1-2022-2048x1460.jpg 2048w" sizes="auto, (max-width: 1024px) 100vw, 1024px" /></figure>



<p>La célébration de la fête nationale, en compagnie des anciens combattants,  a réuni les habitants de Veslud ce jeudi 14 juillet pour le dépôt d&rsquo;une gerbe de fleurs au monument aux morts.</p>



<p></p>



<div class="wp-block-media-text alignwide is-stacked-on-mobile"><figure class="wp-block-media-text__media"><img loading="lazy" decoding="async" width="1024" height="727" src="https://veslud.com/wp-content/uploads/2022/07/14-Juillet-2-2022-1024x727.jpg" alt="" class="wp-image-786 size-full" srcset="https://veslud.com/wp-content/uploads/2022/07/14-Juillet-2-2022-1024x727.jpg 1024w, https://veslud.com/wp-content/uploads/2022/07/14-Juillet-2-2022-300x213.jpg 300w, https://veslud.com/wp-content/uploads/2022/07/14-Juillet-2-2022-768x545.jpg 768w, https://veslud.com/wp-content/uploads/2022/07/14-Juillet-2-2022-1536x1091.jpg 1536w, https://veslud.com/wp-content/uploads/2022/07/14-Juillet-2-2022-2048x1454.jpg 2048w" sizes="auto, (max-width: 1024px) 100vw, 1024px" /></figure><div class="wp-block-media-text__content">
<p>Au terme de la cérémonie, tous les participants se sont retrouvés pour un vin d&rsquo;honneur qui, chaleur oblige, a eu lieu en plein air.</p>



<p>Un grand merci à eux pour leur présence.</p>
</div></div>

<p>La célébration de la fête nationale, en compagnie des anciens combattants, a réuni les habitants de Veslud ce jeudi 14 juillet pour le dépôt d&rsquo;une gerbe de fleurs au monument aux morts. Au terme de la cérémonie, tous les participants se sont retrouvés pour un vin d&rsquo;honneur qui, chaleur oblige, a eu lieu en plein air. Un grand merci à eux pour leur présence.</p>
