{"id":747,"date":"2022-06-10T18:07:03","date_gmt":"2022-06-10T16:07:03","guid":{"rendered":"https:\/\/veslud.com\/?page_id=747"},"modified":"2022-06-10T18:07:04","modified_gmt":"2022-06-10T16:07:04","slug":"fete-des-meres","status":"publish","type":"page","link":"https:\/\/veslud.com\/index.php\/fete-des-meres\/","title":{"rendered":"F\u00eate des M\u00e8res"},"content":{"rendered":"\n<p>Apr\u00e8s&nbsp; la f\u00eate des voisins le vendredi 20 mai qui a r\u00e9uni une vingtaine d&rsquo;habitants \u00e0 la salle des f\u00eates pour un repas commun, les m\u00e8res du village \u00e9taient convi\u00e9es par la municipalit\u00e9 \u00e0&nbsp;f\u00eater la f\u00eate des M\u00e8res le samedi 28 juin et ainsi honorer toutes les mamans de notre village.<\/p>\n\n\n\n<p>Apr\u00e8s 2 ans de suspension de la f\u00eate des m\u00e8res et d\u2019autres manifestations,&nbsp; une participation importante : plus de 30 mamans \u00e9taient pr\u00e9sentes, et quelques p\u00e8res aussi. Soit une cinquantaine de personnes pour partager un moment de convivialit\u00e9.<\/p>\n\n\n\n<p>Apr\u00e8s\u00a0le vin d&rsquo;honneur, les mamans pr\u00e9sentes\u00a0sont reparties avec\u00a0un mini-rosier.<\/p>\n\n\n\n<p><\/p>\n\n\n\n<figure class=\"wp-block-image size-large\"><img loading=\"lazy\" decoding=\"async\" width=\"1024\" height=\"461\" src=\"https:\/\/veslud.com\/wp-content\/uploads\/2022\/06\/20220528_181612-1024x461.jpg\" alt=\"\" class=\"wp-image-745\" srcset=\"https:\/\/veslud.com\/wp-content\/uploads\/2022\/06\/20220528_181612-1024x461.jpg 1024w, https:\/\/veslud.com\/wp-content\/uploads\/2022\/06\/20220528_181612-300x135.jpg 300w, https:\/\/veslud.com\/wp-content\/uploads\/2022\/06\/20220528_181612-768x346.jpg 768w, https:\/\/veslud.com\/wp-content\/uploads\/2022\/06\/20220528_181612-1536x691.jpg 1536w, https:\/\/veslud.com\/wp-content\/uploads\/2022\/06\/20220528_181612-2048x922.jpg 2048w\" sizes=\"auto, (max-width: 1024px) 100vw, 1024px\" \/><\/figure>\n","protected":false},"excerpt":{"rendered":"<p>Apr\u00e8s&nbsp; la f\u00eate des voisins le vendredi 20 mai qui a r\u00e9uni une vingtaine d&rsquo;habitants \u00e0 la salle des f\u00eates pour un repas commun, les m\u00e8res du village \u00e9taient convi\u00e9es par la municipalit\u00e9 \u00e0&nbsp;f\u00eater la f\u00eate des M\u00e8res le samedi 28 juin et ainsi honorer toutes les mamans de notre village. Apr\u00e8s 2 ans de suspension de la f\u00eate des m\u00e8res et d\u2019autres manifestations,&nbsp; une participation importante : plus de 30 mamans \u00e9taient pr\u00e9sentes, et quelques p\u00e8res aussi. Soit une cinquantaine de personnes pour partager un moment de convivialit\u00e9. Apr\u00e8s\u00a0le vin d&rsquo;honneur, les mamans pr\u00e9sentes\u00a0sont reparties avec\u00a0un mini-rosier.<\/p>\n","protected":false},"author":1,"featured_media":749,"parent":0,"menu_order":0,"comment_status":"closed","ping_status":"closed","template":"","meta":{"footnotes":""},"class_list":["post-747","page","type-page","status-publish","has-post-thumbnail"],"_links":{"self":[{"href":"https:\/\/veslud.com\/index.php\/wp-json\/wp\/v2\/pages\/747","targetHints":{"allow":["GET"]}}],"collection":[{"href":"https:\/\/veslud.com\/index.php\/wp-json\/wp\/v2\/pages"}],"about":[{"href":"https:\/\/veslud.com\/index.php\/wp-json\/wp\/v2\/types\/page"}],"author":[{"embeddable":true,"href":"https:\/\/veslud.com\/index.php\/wp-json\/wp\/v2\/users\/1"}],"replies":[{"embeddable":true,"href":"https:\/\/veslud.com\/index.php\/wp-json\/wp\/v2\/comments?post=747"}],"version-history":[{"count":3,"href":"https:\/\/veslud.com\/index.php\/wp-json\/wp\/v2\/pages\/747\/revisions"}],"predecessor-version":[{"id":752,"href":"https:\/\/veslud.com\/index.php\/wp-json\/wp\/v2\/pages\/747\/revisions\/752"}],"wp:featuredmedia":[{"embeddable":true,"href":"https:\/\/veslud.com\/index.php\/wp-json\/wp\/v2\/media\/749"}],"wp:attachment":[{"href":"https:\/\/veslud.com\/index.php\/wp-json\/wp\/v2\/media?parent=747"}],"curies":[{"name":"wp","href":"https:\/\/api.w.org\/{rel}","templated":true}]}}

Fête des Mères

<p>Après&nbsp; la fête des voisins le vendredi 20 mai qui a réuni une vingtaine d&rsquo;habitants à la salle des fêtes pour un repas commun, les mères du village étaient conviées par la municipalité à&nbsp;fêter la fête des Mères le samedi 28 juin et ainsi honorer toutes les mamans de notre village.</p>



<p>Après 2 ans de suspension de la fête des mères et d’autres manifestations,&nbsp; une participation importante : plus de 30 mamans étaient présentes, et quelques pères aussi. Soit une cinquantaine de personnes pour partager un moment de convivialité.</p>



<p>Après le vin d&rsquo;honneur, les mamans présentes sont reparties avec un mini-rosier.</p>



<p></p>



<figure class="wp-block-image size-large"><img loading="lazy" decoding="async" width="1024" height="461" src="https://veslud.com/wp-content/uploads/2022/06/20220528_181612-1024x461.jpg" alt="" class="wp-image-745" srcset="https://veslud.com/wp-content/uploads/2022/06/20220528_181612-1024x461.jpg 1024w, https://veslud.com/wp-content/uploads/2022/06/20220528_181612-300x135.jpg 300w, https://veslud.com/wp-content/uploads/2022/06/20220528_181612-768x346.jpg 768w, https://veslud.com/wp-content/uploads/2022/06/20220528_181612-1536x691.jpg 1536w, https://veslud.com/wp-content/uploads/2022/06/20220528_181612-2048x922.jpg 2048w" sizes="auto, (max-width: 1024px) 100vw, 1024px" /></figure>

<p>Après&nbsp; la fête des voisins le vendredi 20 mai qui a réuni une vingtaine d&rsquo;habitants à la salle des fêtes pour un repas commun, les mères du village étaient conviées par la municipalité à&nbsp;fêter la fête des Mères le samedi 28 juin et ainsi honorer toutes les mamans de notre village. Après 2 ans de suspension de la fête des mères et d’autres manifestations,&nbsp; une participation importante : plus de 30 mamans étaient présentes, et quelques pères aussi. Soit une cinquantaine de personnes pour partager un moment de convivialité. Après le vin d&rsquo;honneur, les mamans présentes sont reparties avec un mini-rosier.</p>
