{"id":2082,"date":"2026-04-08T09:34:49","date_gmt":"2026-04-08T07:34:49","guid":{"rendered":"https:\/\/veslud.com\/?page_id=2082"},"modified":"2026-04-08T09:34:50","modified_gmt":"2026-04-08T07:34:50","slug":"chasse-aux-oeufs","status":"publish","type":"page","link":"https:\/\/veslud.com\/index.php\/chasse-aux-oeufs\/","title":{"rendered":"Chasse aux Oeufs"},"content":{"rendered":"\n<div class=\"wp-block-media-text is-stacked-on-mobile\"><figure class=\"wp-block-media-text__media\"><img loading=\"lazy\" decoding=\"async\" width=\"768\" height=\"1024\" src=\"https:\/\/veslud.com\/wp-content\/uploads\/2026\/04\/Paques-Veslud-2026-001-768x1024.jpeg\" alt=\"\" class=\"wp-image-2085 size-full\" srcset=\"https:\/\/veslud.com\/wp-content\/uploads\/2026\/04\/Paques-Veslud-2026-001-768x1024.jpeg 768w, https:\/\/veslud.com\/wp-content\/uploads\/2026\/04\/Paques-Veslud-2026-001-225x300.jpeg 225w, https:\/\/veslud.com\/wp-content\/uploads\/2026\/04\/Paques-Veslud-2026-001.jpeg 1002w\" sizes=\"auto, (max-width: 768px) 100vw, 768px\" \/><\/figure><div class=\"wp-block-media-text__content\">\n<p>L&rsquo;aire de jeux de Veslud cette ann\u00e9e encore \u00e9tait le cadre de la traditionnelle chasse \u0153ufs organis\u00e9e pour les enfants du village.<\/p>\n<\/div><\/div>\n\n\n\n<p><\/p>\n\n\n\n<div class=\"wp-block-media-text has-media-on-the-right is-stacked-on-mobile\"><div class=\"wp-block-media-text__content\">\n<p>Ils se sont retrouv\u00e9s nombreux pour partir \u00e0 la recherche des pr\u00e9cieux chocolats mais aussi pour jouer ensemble un moment.<\/p>\n<\/div><figure class=\"wp-block-media-text__media\"><img loading=\"lazy\" decoding=\"async\" width=\"768\" height=\"1024\" src=\"https:\/\/veslud.com\/wp-content\/uploads\/2026\/04\/Paques-Veslud-2026-004-768x1024.jpeg\" alt=\"\" class=\"wp-image-2088 size-full\" srcset=\"https:\/\/veslud.com\/wp-content\/uploads\/2026\/04\/Paques-Veslud-2026-004-768x1024.jpeg 768w, https:\/\/veslud.com\/wp-content\/uploads\/2026\/04\/Paques-Veslud-2026-004-225x300.jpeg 225w, https:\/\/veslud.com\/wp-content\/uploads\/2026\/04\/Paques-Veslud-2026-004.jpeg 1091w\" sizes=\"auto, (max-width: 768px) 100vw, 768px\" \/><\/figure><\/div>\n\n\n\n<p><\/p>\n\n\n\n<div class=\"wp-block-media-text is-stacked-on-mobile\"><figure class=\"wp-block-media-text__media\"><img loading=\"lazy\" decoding=\"async\" width=\"768\" height=\"1024\" src=\"https:\/\/veslud.com\/wp-content\/uploads\/2026\/04\/Paques-Veslud-2026-005-768x1024.jpeg\" alt=\"\" class=\"wp-image-2089 size-full\" srcset=\"https:\/\/veslud.com\/wp-content\/uploads\/2026\/04\/Paques-Veslud-2026-005-768x1024.jpeg 768w, https:\/\/veslud.com\/wp-content\/uploads\/2026\/04\/Paques-Veslud-2026-005-225x300.jpeg 225w, https:\/\/veslud.com\/wp-content\/uploads\/2026\/04\/Paques-Veslud-2026-005-1152x1536.jpeg 1152w, https:\/\/veslud.com\/wp-content\/uploads\/2026\/04\/Paques-Veslud-2026-005.jpeg 1536w\" sizes=\"auto, (max-width: 768px) 100vw, 768px\" \/><\/figure><div class=\"wp-block-media-text__content\">\n<p>Un go\u00fbter a cl\u00f4tur\u00e9 cette belle apr\u00e8s-midi de partage. <\/p>\n<\/div><\/div>\n\n\n\n<p><\/p>\n\n\n\n<div class=\"wp-block-media-text has-media-on-the-right is-stacked-on-mobile\"><div class=\"wp-block-media-text__content\">\n<p>Merci \u00e0 toutes celles et ceux, et particuli\u00e8rement \u00e0 Sophie, pour avoir organis\u00e9 et particip\u00e9 \u00e0 cette belle aventure.<\/p>\n<\/div><figure class=\"wp-block-media-text__media\"><img loading=\"lazy\" decoding=\"async\" width=\"1024\" height=\"768\" src=\"https:\/\/veslud.com\/wp-content\/uploads\/2026\/04\/Paques-Veslud-2026-006-1024x768.jpeg\" alt=\"\" class=\"wp-image-2090 size-full\" srcset=\"https:\/\/veslud.com\/wp-content\/uploads\/2026\/04\/Paques-Veslud-2026-006-1024x768.jpeg 1024w, https:\/\/veslud.com\/wp-content\/uploads\/2026\/04\/Paques-Veslud-2026-006-300x225.jpeg 300w, https:\/\/veslud.com\/wp-content\/uploads\/2026\/04\/Paques-Veslud-2026-006-768x576.jpeg 768w, https:\/\/veslud.com\/wp-content\/uploads\/2026\/04\/Paques-Veslud-2026-006.jpeg 1374w\" sizes=\"auto, (max-width: 1024px) 100vw, 1024px\" \/><\/figure><\/div>\n\n\n\n<p><\/p>\n","protected":false},"excerpt":{"rendered":"<p>L&rsquo;aire de jeux de Veslud cette ann\u00e9e encore \u00e9tait le cadre de la traditionnelle chasse \u0153ufs organis\u00e9e pour les enfants du village. Ils se sont retrouv\u00e9s nombreux pour partir \u00e0 la recherche des pr\u00e9cieux chocolats mais aussi pour jouer ensemble un moment. Un go\u00fbter a cl\u00f4tur\u00e9 cette belle apr\u00e8s-midi de partage. Merci \u00e0 toutes celles et ceux, et particuli\u00e8rement \u00e0 Sophie, pour avoir organis\u00e9 et particip\u00e9 \u00e0 cette belle aventure.<\/p>\n","protected":false},"author":1,"featured_media":2083,"parent":0,"menu_order":0,"comment_status":"closed","ping_status":"closed","template":"","meta":{"footnotes":""},"class_list":["post-2082","page","type-page","status-publish","has-post-thumbnail"],"_links":{"self":[{"href":"https:\/\/veslud.com\/index.php\/wp-json\/wp\/v2\/pages\/2082","targetHints":{"allow":["GET"]}}],"collection":[{"href":"https:\/\/veslud.com\/index.php\/wp-json\/wp\/v2\/pages"}],"about":[{"href":"https:\/\/veslud.com\/index.php\/wp-json\/wp\/v2\/types\/page"}],"author":[{"embeddable":true,"href":"https:\/\/veslud.com\/index.php\/wp-json\/wp\/v2\/users\/1"}],"replies":[{"embeddable":true,"href":"https:\/\/veslud.com\/index.php\/wp-json\/wp\/v2\/comments?post=2082"}],"version-history":[{"count":5,"href":"https:\/\/veslud.com\/index.php\/wp-json\/wp\/v2\/pages\/2082\/revisions"}],"predecessor-version":[{"id":2095,"href":"https:\/\/veslud.com\/index.php\/wp-json\/wp\/v2\/pages\/2082\/revisions\/2095"}],"wp:featuredmedia":[{"embeddable":true,"href":"https:\/\/veslud.com\/index.php\/wp-json\/wp\/v2\/media\/2083"}],"wp:attachment":[{"href":"https:\/\/veslud.com\/index.php\/wp-json\/wp\/v2\/media?parent=2082"}],"curies":[{"name":"wp","href":"https:\/\/api.w.org\/{rel}","templated":true}]}}