{"id":1974,"date":"2025-12-10T19:12:28","date_gmt":"2025-12-10T18:12:28","guid":{"rendered":"https:\/\/veslud.com\/?page_id=1974"},"modified":"2025-12-10T19:15:55","modified_gmt":"2025-12-10T18:15:55","slug":"concert-de-noel","status":"publish","type":"page","link":"https:\/\/veslud.com\/index.php\/concert-de-noel\/","title":{"rendered":"Concert de No\u00ebl"},"content":{"rendered":"\n<div class=\"wp-block-media-text is-stacked-on-mobile\"><figure class=\"wp-block-media-text__media\"><img loading=\"lazy\" decoding=\"async\" width=\"800\" height=\"531\" src=\"https:\/\/veslud.com\/wp-content\/uploads\/2025\/12\/Concert-Veslud-2025_01.jpg\" alt=\"\" class=\"wp-image-1969 size-full\" srcset=\"https:\/\/veslud.com\/wp-content\/uploads\/2025\/12\/Concert-Veslud-2025_01.jpg 800w, https:\/\/veslud.com\/wp-content\/uploads\/2025\/12\/Concert-Veslud-2025_01-300x199.jpg 300w, https:\/\/veslud.com\/wp-content\/uploads\/2025\/12\/Concert-Veslud-2025_01-768x510.jpg 768w\" sizes=\"auto, (max-width: 800px) 100vw, 800px\" \/><\/figure><div class=\"wp-block-media-text__content\">\n<p>Le six d\u00e9cembre, les habitants de Veslud ont pu se r\u00e9unir \u00e0 la salle des f\u00eates pour assister \u00e0 un concert de No\u00ebl anim\u00e9 par les ensembles vocaux \u00ab\u00a0Laon Chanteur\u00a0\u00bb et \u00ab\u00a0Axo&rsquo;Ch\u0153ur\u00a0\u00bb.<\/p>\n<\/div><\/div>\n\n\n\n<p><\/p>\n\n\n\n<div class=\"wp-block-media-text has-media-on-the-right is-stacked-on-mobile\" style=\"grid-template-columns:auto 35%\"><div class=\"wp-block-media-text__content\">\n<p>Apr\u00e8s un conte de No\u00ebl narr\u00e9 par Annick Geoffroy, les spectateurs ont profit\u00e9 d&rsquo;un tour du monde des chants traditionnels de No\u00ebl interpr\u00e9t\u00e9s par les deux chorales pr\u00e9sentes.<\/p>\n<\/div><figure class=\"wp-block-media-text__media\"><img loading=\"lazy\" decoding=\"async\" width=\"626\" height=\"800\" src=\"https:\/\/veslud.com\/wp-content\/uploads\/2025\/12\/Concert-Veslud-2025_02.jpg\" alt=\"\" class=\"wp-image-1970 size-full\" srcset=\"https:\/\/veslud.com\/wp-content\/uploads\/2025\/12\/Concert-Veslud-2025_02.jpg 626w, https:\/\/veslud.com\/wp-content\/uploads\/2025\/12\/Concert-Veslud-2025_02-235x300.jpg 235w\" sizes=\"auto, (max-width: 626px) 100vw, 626px\" \/><\/figure><\/div>\n\n\n\n<p><\/p>\n\n\n\n<div class=\"wp-block-media-text is-stacked-on-mobile\"><figure class=\"wp-block-media-text__media\"><img loading=\"lazy\" decoding=\"async\" width=\"800\" height=\"603\" src=\"https:\/\/veslud.com\/wp-content\/uploads\/2025\/12\/Concert-Veslud-2025_03.jpg\" alt=\"\" class=\"wp-image-1971 size-full\" srcset=\"https:\/\/veslud.com\/wp-content\/uploads\/2025\/12\/Concert-Veslud-2025_03.jpg 800w, https:\/\/veslud.com\/wp-content\/uploads\/2025\/12\/Concert-Veslud-2025_03-300x226.jpg 300w, https:\/\/veslud.com\/wp-content\/uploads\/2025\/12\/Concert-Veslud-2025_03-768x579.jpg 768w\" sizes=\"auto, (max-width: 800px) 100vw, 800px\" \/><\/figure><div class=\"wp-block-media-text__content\">\n<p>\u00c9taient au programme aussi deux po\u00e8mes du regrett\u00e9 Jean-Marc Kupecky auteur axonais disparu en 2023.<\/p>\n\n\n\n<p>Un grand merci aux chanteurs pour cette belle prestation qui a plong\u00e9 les spectateurs dans l&rsquo;ambiance des f\u00eates de fin d&rsquo;ann\u00e9e. <\/p>\n<\/div><\/div>\n\n\n\n<p>Un tr\u00e8s beau moment que nous esp\u00e9rons revivre l&rsquo;ann\u00e9e prochaine. <\/p>\n\n\n\n<figure class=\"wp-block-image size-full\"><img loading=\"lazy\" decoding=\"async\" width=\"800\" height=\"603\" src=\"https:\/\/veslud.com\/wp-content\/uploads\/2025\/12\/Concert-Veslud-2025_04.jpg\" alt=\"\" class=\"wp-image-1972\" srcset=\"https:\/\/veslud.com\/wp-content\/uploads\/2025\/12\/Concert-Veslud-2025_04.jpg 800w, https:\/\/veslud.com\/wp-content\/uploads\/2025\/12\/Concert-Veslud-2025_04-300x226.jpg 300w, https:\/\/veslud.com\/wp-content\/uploads\/2025\/12\/Concert-Veslud-2025_04-768x579.jpg 768w\" sizes=\"auto, (max-width: 800px) 100vw, 800px\" \/><\/figure>\n","protected":false},"excerpt":{"rendered":"<p>Le six d\u00e9cembre, les habitants de Veslud ont pu se r\u00e9unir \u00e0 la salle des f\u00eates pour assister \u00e0 un concert de No\u00ebl anim\u00e9 par les ensembles vocaux \u00ab\u00a0Laon Chanteur\u00a0\u00bb et \u00ab\u00a0Axo&rsquo;Ch\u0153ur\u00a0\u00bb. Apr\u00e8s un conte de No\u00ebl narr\u00e9 par Annick Geoffroy, les spectateurs ont profit\u00e9 d&rsquo;un tour du monde des chants traditionnels de No\u00ebl interpr\u00e9t\u00e9s par les deux chorales pr\u00e9sentes. \u00c9taient au programme aussi deux po\u00e8mes du regrett\u00e9 Jean-Marc Kupecky auteur axonais disparu en 2023. Un grand merci aux chanteurs pour cette belle prestation qui a plong\u00e9 les spectateurs dans l&rsquo;ambiance des f\u00eates de fin d&rsquo;ann\u00e9e. Un tr\u00e8s beau moment que nous esp\u00e9rons revivre l&rsquo;ann\u00e9e prochaine.<\/p>\n","protected":false},"author":1,"featured_media":1968,"parent":0,"menu_order":0,"comment_status":"closed","ping_status":"closed","template":"","meta":{"footnotes":""},"class_list":["post-1974","page","type-page","status-publish","has-post-thumbnail"],"_links":{"self":[{"href":"https:\/\/veslud.com\/index.php\/wp-json\/wp\/v2\/pages\/1974","targetHints":{"allow":["GET"]}}],"collection":[{"href":"https:\/\/veslud.com\/index.php\/wp-json\/wp\/v2\/pages"}],"about":[{"href":"https:\/\/veslud.com\/index.php\/wp-json\/wp\/v2\/types\/page"}],"author":[{"embeddable":true,"href":"https:\/\/veslud.com\/index.php\/wp-json\/wp\/v2\/users\/1"}],"replies":[{"embeddable":true,"href":"https:\/\/veslud.com\/index.php\/wp-json\/wp\/v2\/comments?post=1974"}],"version-history":[{"count":6,"href":"https:\/\/veslud.com\/index.php\/wp-json\/wp\/v2\/pages\/1974\/revisions"}],"predecessor-version":[{"id":1983,"href":"https:\/\/veslud.com\/index.php\/wp-json\/wp\/v2\/pages\/1974\/revisions\/1983"}],"wp:featuredmedia":[{"embeddable":true,"href":"https:\/\/veslud.com\/index.php\/wp-json\/wp\/v2\/media\/1968"}],"wp:attachment":[{"href":"https:\/\/veslud.com\/index.php\/wp-json\/wp\/v2\/media?parent=1974"}],"curies":[{"name":"wp","href":"https:\/\/api.w.org\/{rel}","templated":true}]}}