{"id":1676,"date":"2024-11-13T18:06:58","date_gmt":"2024-11-13T17:06:58","guid":{"rendered":"https:\/\/veslud.com\/?page_id=1676"},"modified":"2024-11-13T18:06:59","modified_gmt":"2024-11-13T17:06:59","slug":"11-novembre-2024","status":"publish","type":"page","link":"https:\/\/veslud.com\/index.php\/11-novembre-2024\/","title":{"rendered":"11 Novembre 2024"},"content":{"rendered":"\n<div class=\"wp-block-media-text has-media-on-the-right is-stacked-on-mobile\"><div class=\"wp-block-media-text__content\">\n<p>Le 11 novembre, la commune de Veslud a c\u00e9l\u00e9br\u00e9 la m\u00e9moire de ceux qui ont combattu pour la France. Cette ann\u00e9e encore, accompagn\u00e9s par les anciens combattants, les habitants du village, toutes g\u00e9n\u00e9rations confondues, ont honor\u00e9 ceux qui ont servi et se sont sacrifi\u00e9s.<\/p>\n\n\n\n<p><\/p>\n<\/div><figure class=\"wp-block-media-text__media\"><img loading=\"lazy\" decoding=\"async\" width=\"1024\" height=\"768\" src=\"https:\/\/veslud.com\/wp-content\/uploads\/2024\/11\/11_novembre-Veslud-2024_01-1024x768.jpg\" alt=\"\" class=\"wp-image-1674 size-full\" srcset=\"https:\/\/veslud.com\/wp-content\/uploads\/2024\/11\/11_novembre-Veslud-2024_01-1024x768.jpg 1024w, https:\/\/veslud.com\/wp-content\/uploads\/2024\/11\/11_novembre-Veslud-2024_01-300x225.jpg 300w, https:\/\/veslud.com\/wp-content\/uploads\/2024\/11\/11_novembre-Veslud-2024_01-768x576.jpg 768w, https:\/\/veslud.com\/wp-content\/uploads\/2024\/11\/11_novembre-Veslud-2024_01.jpg 1200w\" sizes=\"auto, (max-width: 1024px) 100vw, 1024px\" \/><\/figure><\/div>\n\n\n\n<p>\u00c0 l&rsquo;issue de la comm\u00e9moration, un vin d&rsquo;honneur a \u00e9t\u00e9 offert aux participants. Un grand merci pour leur pr\u00e9sence en ce jour de m\u00e9moire.<\/p>\n\n\n\n<figure class=\"wp-block-image size-large\"><img loading=\"lazy\" decoding=\"async\" width=\"1024\" height=\"768\" src=\"https:\/\/veslud.com\/wp-content\/uploads\/2024\/11\/11_novembre-Veslud-2024_02-1024x768.jpg\" alt=\"\" class=\"wp-image-1675\" srcset=\"https:\/\/veslud.com\/wp-content\/uploads\/2024\/11\/11_novembre-Veslud-2024_02-1024x768.jpg 1024w, https:\/\/veslud.com\/wp-content\/uploads\/2024\/11\/11_novembre-Veslud-2024_02-300x225.jpg 300w, https:\/\/veslud.com\/wp-content\/uploads\/2024\/11\/11_novembre-Veslud-2024_02-768x576.jpg 768w, https:\/\/veslud.com\/wp-content\/uploads\/2024\/11\/11_novembre-Veslud-2024_02.jpg 1200w\" sizes=\"auto, (max-width: 1024px) 100vw, 1024px\" \/><\/figure>\n","protected":false},"excerpt":{"rendered":"<p>Le 11 novembre, la commune de Veslud a c\u00e9l\u00e9br\u00e9 la m\u00e9moire de ceux qui ont combattu pour la France. Cette ann\u00e9e encore, accompagn\u00e9s par les anciens combattants, les habitants du village, toutes g\u00e9n\u00e9rations confondues, ont honor\u00e9 ceux qui ont servi et se sont sacrifi\u00e9s. \u00c0 l&rsquo;issue de la comm\u00e9moration, un vin d&rsquo;honneur a \u00e9t\u00e9 offert aux participants. Un grand merci pour leur pr\u00e9sence en ce jour de m\u00e9moire.<\/p>\n","protected":false},"author":1,"featured_media":933,"parent":0,"menu_order":0,"comment_status":"closed","ping_status":"closed","template":"","meta":{"footnotes":""},"class_list":["post-1676","page","type-page","status-publish","has-post-thumbnail"],"_links":{"self":[{"href":"https:\/\/veslud.com\/index.php\/wp-json\/wp\/v2\/pages\/1676","targetHints":{"allow":["GET"]}}],"collection":[{"href":"https:\/\/veslud.com\/index.php\/wp-json\/wp\/v2\/pages"}],"about":[{"href":"https:\/\/veslud.com\/index.php\/wp-json\/wp\/v2\/types\/page"}],"author":[{"embeddable":true,"href":"https:\/\/veslud.com\/index.php\/wp-json\/wp\/v2\/users\/1"}],"replies":[{"embeddable":true,"href":"https:\/\/veslud.com\/index.php\/wp-json\/wp\/v2\/comments?post=1676"}],"version-history":[{"count":1,"href":"https:\/\/veslud.com\/index.php\/wp-json\/wp\/v2\/pages\/1676\/revisions"}],"predecessor-version":[{"id":1677,"href":"https:\/\/veslud.com\/index.php\/wp-json\/wp\/v2\/pages\/1676\/revisions\/1677"}],"wp:featuredmedia":[{"embeddable":true,"href":"https:\/\/veslud.com\/index.php\/wp-json\/wp\/v2\/media\/933"}],"wp:attachment":[{"href":"https:\/\/veslud.com\/index.php\/wp-json\/wp\/v2\/media?parent=1676"}],"curies":[{"name":"wp","href":"https:\/\/api.w.org\/{rel}","templated":true}]}}

<div class="wp-block-media-text has-media-on-the-right is-stacked-on-mobile"><div class="wp-block-media-text__content">
<p>Le 11 novembre, la commune de Veslud a célébré la mémoire de ceux qui ont combattu pour la France. Cette année encore, accompagnés par les anciens combattants, les habitants du village, toutes générations confondues, ont honoré ceux qui ont servi et se sont sacrifiés.</p>



<p></p>
</div><figure class="wp-block-media-text__media"><img loading="lazy" decoding="async" width="1024" height="768" src="https://veslud.com/wp-content/uploads/2024/11/11_novembre-Veslud-2024_01-1024x768.jpg" alt="" class="wp-image-1674 size-full" srcset="https://veslud.com/wp-content/uploads/2024/11/11_novembre-Veslud-2024_01-1024x768.jpg 1024w, https://veslud.com/wp-content/uploads/2024/11/11_novembre-Veslud-2024_01-300x225.jpg 300w, https://veslud.com/wp-content/uploads/2024/11/11_novembre-Veslud-2024_01-768x576.jpg 768w, https://veslud.com/wp-content/uploads/2024/11/11_novembre-Veslud-2024_01.jpg 1200w" sizes="auto, (max-width: 1024px) 100vw, 1024px" /></figure></div>



<p>À l&rsquo;issue de la commémoration, un vin d&rsquo;honneur a été offert aux participants. Un grand merci pour leur présence en ce jour de mémoire.</p>



<figure class="wp-block-image size-large"><img loading="lazy" decoding="async" width="1024" height="768" src="https://veslud.com/wp-content/uploads/2024/11/11_novembre-Veslud-2024_02-1024x768.jpg" alt="" class="wp-image-1675" srcset="https://veslud.com/wp-content/uploads/2024/11/11_novembre-Veslud-2024_02-1024x768.jpg 1024w, https://veslud.com/wp-content/uploads/2024/11/11_novembre-Veslud-2024_02-300x225.jpg 300w, https://veslud.com/wp-content/uploads/2024/11/11_novembre-Veslud-2024_02-768x576.jpg 768w, https://veslud.com/wp-content/uploads/2024/11/11_novembre-Veslud-2024_02.jpg 1200w" sizes="auto, (max-width: 1024px) 100vw, 1024px" /></figure>

<p>Le 11 novembre, la commune de Veslud a célébré la mémoire de ceux qui ont combattu pour la France. Cette année encore, accompagnés par les anciens combattants, les habitants du village, toutes générations confondues, ont honoré ceux qui ont servi et se sont sacrifiés. À l&rsquo;issue de la commémoration, un vin d&rsquo;honneur a été offert aux participants. Un grand merci pour leur présence en ce jour de mémoire.</p>
