{"id":1602,"date":"2024-05-29T18:43:09","date_gmt":"2024-05-29T16:43:09","guid":{"rendered":"https:\/\/veslud.com\/?page_id=1602"},"modified":"2024-05-29T18:43:10","modified_gmt":"2024-05-29T16:43:10","slug":"fete-des-meres-3","status":"publish","type":"page","link":"https:\/\/veslud.com\/index.php\/fete-des-meres-3\/","title":{"rendered":"F\u00eate des M\u00e8res"},"content":{"rendered":"\n<div class=\"wp-block-media-text has-media-on-the-right is-stacked-on-mobile\"><div class=\"wp-block-media-text__content\">\n<p>Samedi 25 Mai , le conseil municipal avait donn\u00e9 rendez-vous aux mamans de Veslud \u00e0 la salle des f\u00eates pour leur rendre hommage.<\/p>\n<\/div><figure class=\"wp-block-media-text__media\"><img loading=\"lazy\" decoding=\"async\" width=\"600\" height=\"800\" src=\"https:\/\/veslud.com\/wp-content\/uploads\/2024\/05\/Fete-Des-Meres-Veslud-2024_001.jpeg\" alt=\"\" class=\"wp-image-1597 size-full\" srcset=\"https:\/\/veslud.com\/wp-content\/uploads\/2024\/05\/Fete-Des-Meres-Veslud-2024_001.jpeg 600w, https:\/\/veslud.com\/wp-content\/uploads\/2024\/05\/Fete-Des-Meres-Veslud-2024_001-225x300.jpeg 225w\" sizes=\"auto, (max-width: 600px) 100vw, 600px\" \/><\/figure><\/div>\n\n\n\n<p><\/p>\n\n\n\n<div class=\"wp-block-media-text is-stacked-on-mobile\"><figure class=\"wp-block-media-text__media\"><img loading=\"lazy\" decoding=\"async\" width=\"800\" height=\"600\" src=\"https:\/\/veslud.com\/wp-content\/uploads\/2024\/05\/Fete-Des-Meres-Veslud-2024_002.jpeg\" alt=\"\" class=\"wp-image-1598 size-full\" srcset=\"https:\/\/veslud.com\/wp-content\/uploads\/2024\/05\/Fete-Des-Meres-Veslud-2024_002.jpeg 800w, https:\/\/veslud.com\/wp-content\/uploads\/2024\/05\/Fete-Des-Meres-Veslud-2024_002-300x225.jpeg 300w, https:\/\/veslud.com\/wp-content\/uploads\/2024\/05\/Fete-Des-Meres-Veslud-2024_002-768x576.jpeg 768w\" sizes=\"auto, (max-width: 800px) 100vw, 800px\" \/><\/figure><div class=\"wp-block-media-text__content\">\n<p>Apr\u00e8s le petit discours d&rsquo;accueil de G\u00e9rard Loiseau maire du village, les mamans accompagn\u00e9es par quelques papa ont pu partager le verre de l&rsquo;amiti\u00e9.<\/p>\n\n\n\n<p>Un kalancho\u00eb a \u00e9t\u00e9 offert \u00e0 toutes soulignant : \u00ab\u00a0Qu&rsquo;une maman est une fleur parmi les fleurs.\u00a0\u00bb<\/p>\n<\/div><\/div>\n\n\n\n<p>Merci \u00e0 tous les participants pour cette sympathique soir\u00e9e.<\/p>\n\n\n\n<figure class=\"wp-block-gallery has-nested-images columns-default is-cropped wp-block-gallery-1 is-layout-flex wp-block-gallery-is-layout-flex\">\n<figure class=\"wp-block-image size-large\"><img loading=\"lazy\" decoding=\"async\" width=\"800\" height=\"600\" data-id=\"1599\" src=\"https:\/\/veslud.com\/wp-content\/uploads\/2024\/05\/Fete-Des-Meres-Veslud-2024_003.jpeg\" alt=\"\" class=\"wp-image-1599\" srcset=\"https:\/\/veslud.com\/wp-content\/uploads\/2024\/05\/Fete-Des-Meres-Veslud-2024_003.jpeg 800w, https:\/\/veslud.com\/wp-content\/uploads\/2024\/05\/Fete-Des-Meres-Veslud-2024_003-300x225.jpeg 300w, https:\/\/veslud.com\/wp-content\/uploads\/2024\/05\/Fete-Des-Meres-Veslud-2024_003-768x576.jpeg 768w\" sizes=\"auto, (max-width: 800px) 100vw, 800px\" \/><\/figure>\n\n\n\n<figure class=\"wp-block-image size-large\"><img loading=\"lazy\" decoding=\"async\" width=\"800\" height=\"600\" data-id=\"1601\" src=\"https:\/\/veslud.com\/wp-content\/uploads\/2024\/05\/Fete-Des-Meres-Veslud-2024_005.jpeg\" alt=\"\" class=\"wp-image-1601\" srcset=\"https:\/\/veslud.com\/wp-content\/uploads\/2024\/05\/Fete-Des-Meres-Veslud-2024_005.jpeg 800w, https:\/\/veslud.com\/wp-content\/uploads\/2024\/05\/Fete-Des-Meres-Veslud-2024_005-300x225.jpeg 300w, https:\/\/veslud.com\/wp-content\/uploads\/2024\/05\/Fete-Des-Meres-Veslud-2024_005-768x576.jpeg 768w\" sizes=\"auto, (max-width: 800px) 100vw, 800px\" \/><\/figure>\n\n\n\n<figure class=\"wp-block-image size-large\"><img loading=\"lazy\" decoding=\"async\" width=\"800\" height=\"600\" data-id=\"1600\" src=\"https:\/\/veslud.com\/wp-content\/uploads\/2024\/05\/Fete-Des-Meres-Veslud-2024_004.jpeg\" alt=\"\" class=\"wp-image-1600\" srcset=\"https:\/\/veslud.com\/wp-content\/uploads\/2024\/05\/Fete-Des-Meres-Veslud-2024_004.jpeg 800w, https:\/\/veslud.com\/wp-content\/uploads\/2024\/05\/Fete-Des-Meres-Veslud-2024_004-300x225.jpeg 300w, https:\/\/veslud.com\/wp-content\/uploads\/2024\/05\/Fete-Des-Meres-Veslud-2024_004-768x576.jpeg 768w\" sizes=\"auto, (max-width: 800px) 100vw, 800px\" \/><\/figure>\n<\/figure>\n","protected":false},"excerpt":{"rendered":"<p>Samedi 25 Mai , le conseil municipal avait donn\u00e9 rendez-vous aux mamans de Veslud \u00e0 la salle des f\u00eates pour leur rendre hommage. Apr\u00e8s le petit discours d&rsquo;accueil de G\u00e9rard Loiseau maire du village, les mamans accompagn\u00e9es par quelques papa ont pu partager le verre de l&rsquo;amiti\u00e9. Un kalancho\u00eb a \u00e9t\u00e9 offert \u00e0 toutes soulignant : \u00ab\u00a0Qu&rsquo;une maman est une fleur parmi les fleurs.\u00a0\u00bb Merci \u00e0 tous les participants pour cette sympathique soir\u00e9e.<\/p>\n","protected":false},"author":1,"featured_media":1604,"parent":0,"menu_order":0,"comment_status":"closed","ping_status":"closed","template":"","meta":{"footnotes":""},"class_list":["post-1602","page","type-page","status-publish","has-post-thumbnail"],"_links":{"self":[{"href":"https:\/\/veslud.com\/index.php\/wp-json\/wp\/v2\/pages\/1602","targetHints":{"allow":["GET"]}}],"collection":[{"href":"https:\/\/veslud.com\/index.php\/wp-json\/wp\/v2\/pages"}],"about":[{"href":"https:\/\/veslud.com\/index.php\/wp-json\/wp\/v2\/types\/page"}],"author":[{"embeddable":true,"href":"https:\/\/veslud.com\/index.php\/wp-json\/wp\/v2\/users\/1"}],"replies":[{"embeddable":true,"href":"https:\/\/veslud.com\/index.php\/wp-json\/wp\/v2\/comments?post=1602"}],"version-history":[{"count":5,"href":"https:\/\/veslud.com\/index.php\/wp-json\/wp\/v2\/pages\/1602\/revisions"}],"predecessor-version":[{"id":1608,"href":"https:\/\/veslud.com\/index.php\/wp-json\/wp\/v2\/pages\/1602\/revisions\/1608"}],"wp:featuredmedia":[{"embeddable":true,"href":"https:\/\/veslud.com\/index.php\/wp-json\/wp\/v2\/media\/1604"}],"wp:attachment":[{"href":"https:\/\/veslud.com\/index.php\/wp-json\/wp\/v2\/media?parent=1602"}],"curies":[{"name":"wp","href":"https:\/\/api.w.org\/{rel}","templated":true}]}}

Fête des Mères

<div class="wp-block-media-text has-media-on-the-right is-stacked-on-mobile"><div class="wp-block-media-text__content">
<p>Samedi 25 Mai , le conseil municipal avait donné rendez-vous aux mamans de Veslud à la salle des fêtes pour leur rendre hommage.</p>
</div><figure class="wp-block-media-text__media"><img loading="lazy" decoding="async" width="600" height="800" src="https://veslud.com/wp-content/uploads/2024/05/Fete-Des-Meres-Veslud-2024_001.jpeg" alt="" class="wp-image-1597 size-full" srcset="https://veslud.com/wp-content/uploads/2024/05/Fete-Des-Meres-Veslud-2024_001.jpeg 600w, https://veslud.com/wp-content/uploads/2024/05/Fete-Des-Meres-Veslud-2024_001-225x300.jpeg 225w" sizes="auto, (max-width: 600px) 100vw, 600px" /></figure></div>



<p></p>



<div class="wp-block-media-text is-stacked-on-mobile"><figure class="wp-block-media-text__media"><img loading="lazy" decoding="async" width="800" height="600" src="https://veslud.com/wp-content/uploads/2024/05/Fete-Des-Meres-Veslud-2024_002.jpeg" alt="" class="wp-image-1598 size-full" srcset="https://veslud.com/wp-content/uploads/2024/05/Fete-Des-Meres-Veslud-2024_002.jpeg 800w, https://veslud.com/wp-content/uploads/2024/05/Fete-Des-Meres-Veslud-2024_002-300x225.jpeg 300w, https://veslud.com/wp-content/uploads/2024/05/Fete-Des-Meres-Veslud-2024_002-768x576.jpeg 768w" sizes="auto, (max-width: 800px) 100vw, 800px" /></figure><div class="wp-block-media-text__content">
<p>Après le petit discours d&rsquo;accueil de Gérard Loiseau maire du village, les mamans accompagnées par quelques papa ont pu partager le verre de l&rsquo;amitié.</p>



<p>Un kalanchoë a été offert à toutes soulignant : « Qu&rsquo;une maman est une fleur parmi les fleurs. »</p>
</div></div>



<p>Merci à tous les participants pour cette sympathique soirée.</p>



<figure class="wp-block-gallery has-nested-images columns-default is-cropped wp-block-gallery-1 is-layout-flex wp-block-gallery-is-layout-flex">
<figure class="wp-block-image size-large"><img loading="lazy" decoding="async" width="800" height="600" data-id="1599" src="https://veslud.com/wp-content/uploads/2024/05/Fete-Des-Meres-Veslud-2024_003.jpeg" alt="" class="wp-image-1599" srcset="https://veslud.com/wp-content/uploads/2024/05/Fete-Des-Meres-Veslud-2024_003.jpeg 800w, https://veslud.com/wp-content/uploads/2024/05/Fete-Des-Meres-Veslud-2024_003-300x225.jpeg 300w, https://veslud.com/wp-content/uploads/2024/05/Fete-Des-Meres-Veslud-2024_003-768x576.jpeg 768w" sizes="auto, (max-width: 800px) 100vw, 800px" /></figure>



<figure class="wp-block-image size-large"><img loading="lazy" decoding="async" width="800" height="600" data-id="1601" src="https://veslud.com/wp-content/uploads/2024/05/Fete-Des-Meres-Veslud-2024_005.jpeg" alt="" class="wp-image-1601" srcset="https://veslud.com/wp-content/uploads/2024/05/Fete-Des-Meres-Veslud-2024_005.jpeg 800w, https://veslud.com/wp-content/uploads/2024/05/Fete-Des-Meres-Veslud-2024_005-300x225.jpeg 300w, https://veslud.com/wp-content/uploads/2024/05/Fete-Des-Meres-Veslud-2024_005-768x576.jpeg 768w" sizes="auto, (max-width: 800px) 100vw, 800px" /></figure>



<figure class="wp-block-image size-large"><img loading="lazy" decoding="async" width="800" height="600" data-id="1600" src="https://veslud.com/wp-content/uploads/2024/05/Fete-Des-Meres-Veslud-2024_004.jpeg" alt="" class="wp-image-1600" srcset="https://veslud.com/wp-content/uploads/2024/05/Fete-Des-Meres-Veslud-2024_004.jpeg 800w, https://veslud.com/wp-content/uploads/2024/05/Fete-Des-Meres-Veslud-2024_004-300x225.jpeg 300w, https://veslud.com/wp-content/uploads/2024/05/Fete-Des-Meres-Veslud-2024_004-768x576.jpeg 768w" sizes="auto, (max-width: 800px) 100vw, 800px" /></figure>
</figure>

<p>Samedi 25 Mai , le conseil municipal avait donné rendez-vous aux mamans de Veslud à la salle des fêtes pour leur rendre hommage. Après le petit discours d&rsquo;accueil de Gérard Loiseau maire du village, les mamans accompagnées par quelques papa ont pu partager le verre de l&rsquo;amitié. Un kalanchoë a été offert à toutes soulignant : « Qu&rsquo;une maman est une fleur parmi les fleurs. » Merci à tous les participants pour cette sympathique soirée.</p>
