{"id":1561,"date":"2024-05-08T15:13:06","date_gmt":"2024-05-08T13:13:06","guid":{"rendered":"https:\/\/veslud.com\/?page_id=1561"},"modified":"2024-05-08T15:13:07","modified_gmt":"2024-05-08T13:13:07","slug":"ceremonie-du-8-mai-2024","status":"publish","type":"page","link":"https:\/\/veslud.com\/index.php\/ceremonie-du-8-mai-2024\/","title":{"rendered":"C\u00e9r\u00e9monie du 8 mai 2024"},"content":{"rendered":"\n<p><\/p>\n\n\n\n<div class=\"wp-block-media-text has-media-on-the-right is-stacked-on-mobile is-vertically-aligned-center\" style=\"grid-template-columns:auto 15%\"><div class=\"wp-block-media-text__content\">\n<p>Il y a 79 ans, le 8 mai 1945, l&rsquo;Allemagne nazie signait l&rsquo;acte de capitulation mettant fin \u00e0 la Seconde Guerre Mondiale. Ce conflit, dont le nombre de victimes, tant civiles que militaires, est estim\u00e9 \u00e0 plus de soixante millions de personnes \u00e0 travers le monde,  r\u00e9sonne encore de nos jours par les atrocit\u00e9s et les souffrances qui ont eu lieu.<\/p>\n\n\n\n<p>Chaque ann\u00e9e, le 8 mai, nous comm\u00e9morons la fin de ce conflit d\u00e9vastateur, mais nous honorons surtout la m\u00e9moire de ceux qui ont perdu la vie pour notre libert\u00e9. Cet anniversaire offre l&rsquo;occasion de r\u00e9fl\u00e9chir aux le\u00e7ons tir\u00e9es de la guerre et \u00e0 l&rsquo;importance de pr\u00e9server la paix, alors m\u00eame que de nombreux conflits agitent le monde, au risque de nous faire perdre notre unit\u00e9.<\/p>\n\n\n\n<p><\/p>\n\n\n\n<p><\/p>\n\n\n\n<p><\/p>\n<\/div><figure class=\"wp-block-media-text__media\"><img loading=\"lazy\" decoding=\"async\" width=\"318\" height=\"1024\" src=\"https:\/\/veslud.com\/wp-content\/uploads\/2024\/05\/Veslud-8_mai-2024_03-318x1024.jpg\" alt=\"\" class=\"wp-image-1558 size-full\" srcset=\"https:\/\/veslud.com\/wp-content\/uploads\/2024\/05\/Veslud-8_mai-2024_03-318x1024.jpg 318w, https:\/\/veslud.com\/wp-content\/uploads\/2024\/05\/Veslud-8_mai-2024_03-93x300.jpg 93w, https:\/\/veslud.com\/wp-content\/uploads\/2024\/05\/Veslud-8_mai-2024_03-768x2474.jpg 768w, https:\/\/veslud.com\/wp-content\/uploads\/2024\/05\/Veslud-8_mai-2024_03-477x1536.jpg 477w, https:\/\/veslud.com\/wp-content\/uploads\/2024\/05\/Veslud-8_mai-2024_03-636x2048.jpg 636w, https:\/\/veslud.com\/wp-content\/uploads\/2024\/05\/Veslud-8_mai-2024_03-scaled.jpg 795w\" sizes=\"auto, (max-width: 318px) 100vw, 318px\" \/><\/figure><\/div>\n\n\n\n<p><\/p>\n\n\n\n<p>Merci \u00e0 tous ceux qui \u00e9taient pr\u00e9sents pour ce devoir de m\u00e9moire, notamment \u00e0 ceux qui continuent de transmettre ces le\u00e7ons essentielles aux jeunes g\u00e9n\u00e9rations.<\/p>\n\n\n\n<figure class=\"wp-block-image size-large\"><img loading=\"lazy\" decoding=\"async\" width=\"1024\" height=\"738\" src=\"https:\/\/veslud.com\/wp-content\/uploads\/2024\/05\/Veslud-8_Mai-2024_01-1024x738.jpg\" alt=\"\" class=\"wp-image-1559\" srcset=\"https:\/\/veslud.com\/wp-content\/uploads\/2024\/05\/Veslud-8_Mai-2024_01-1024x738.jpg 1024w, https:\/\/veslud.com\/wp-content\/uploads\/2024\/05\/Veslud-8_Mai-2024_01-300x216.jpg 300w, https:\/\/veslud.com\/wp-content\/uploads\/2024\/05\/Veslud-8_Mai-2024_01-768x554.jpg 768w, https:\/\/veslud.com\/wp-content\/uploads\/2024\/05\/Veslud-8_Mai-2024_01-1536x1108.jpg 1536w, https:\/\/veslud.com\/wp-content\/uploads\/2024\/05\/Veslud-8_Mai-2024_01-2048x1477.jpg 2048w\" sizes=\"auto, (max-width: 1024px) 100vw, 1024px\" \/><\/figure>\n","protected":false},"excerpt":{"rendered":"<p>Il y a 79 ans, le 8 mai 1945, l&rsquo;Allemagne nazie signait l&rsquo;acte de capitulation mettant fin \u00e0 la Seconde Guerre Mondiale. Ce conflit, dont le nombre de victimes, tant civiles que militaires, est estim\u00e9 \u00e0 plus de soixante millions de personnes \u00e0 travers le monde, r\u00e9sonne encore de nos jours par les atrocit\u00e9s et les souffrances qui ont eu lieu. Chaque ann\u00e9e, le 8 mai, nous comm\u00e9morons la fin de ce conflit d\u00e9vastateur, mais nous honorons surtout la m\u00e9moire de ceux qui ont perdu la vie pour notre libert\u00e9. Cet anniversaire offre l&rsquo;occasion de r\u00e9fl\u00e9chir aux le\u00e7ons tir\u00e9es de la guerre et \u00e0 l&rsquo;importance de pr\u00e9server la paix, alors m\u00eame que de nombreux conflits agitent le monde, au risque de nous faire perdre notre unit\u00e9. Merci \u00e0 tous ceux qui \u00e9taient pr\u00e9sents pour ce devoir de m\u00e9moire, notamment \u00e0 ceux qui continuent de transmettre ces le\u00e7ons essentielles aux jeunes&hellip;<\/p>\n<p> <a class=\"more-link\" href=\"https:\/\/veslud.com\/index.php\/ceremonie-du-8-mai-2024\/\">Lire la suite<\/a><\/p>\n","protected":false},"author":1,"featured_media":1241,"parent":0,"menu_order":0,"comment_status":"closed","ping_status":"closed","template":"","meta":{"footnotes":""},"class_list":["post-1561","page","type-page","status-publish","has-post-thumbnail"],"_links":{"self":[{"href":"https:\/\/veslud.com\/index.php\/wp-json\/wp\/v2\/pages\/1561","targetHints":{"allow":["GET"]}}],"collection":[{"href":"https:\/\/veslud.com\/index.php\/wp-json\/wp\/v2\/pages"}],"about":[{"href":"https:\/\/veslud.com\/index.php\/wp-json\/wp\/v2\/types\/page"}],"author":[{"embeddable":true,"href":"https:\/\/veslud.com\/index.php\/wp-json\/wp\/v2\/users\/1"}],"replies":[{"embeddable":true,"href":"https:\/\/veslud.com\/index.php\/wp-json\/wp\/v2\/comments?post=1561"}],"version-history":[{"count":12,"href":"https:\/\/veslud.com\/index.php\/wp-json\/wp\/v2\/pages\/1561\/revisions"}],"predecessor-version":[{"id":1573,"href":"https:\/\/veslud.com\/index.php\/wp-json\/wp\/v2\/pages\/1561\/revisions\/1573"}],"wp:featuredmedia":[{"embeddable":true,"href":"https:\/\/veslud.com\/index.php\/wp-json\/wp\/v2\/media\/1241"}],"wp:attachment":[{"href":"https:\/\/veslud.com\/index.php\/wp-json\/wp\/v2\/media?parent=1561"}],"curies":[{"name":"wp","href":"https:\/\/api.w.org\/{rel}","templated":true}]}}

Cérémonie du 8 mai 2024

<p></p>



<div class="wp-block-media-text has-media-on-the-right is-stacked-on-mobile is-vertically-aligned-center" style="grid-template-columns:auto 15%"><div class="wp-block-media-text__content">
<p>Il y a 79 ans, le 8 mai 1945, l&rsquo;Allemagne nazie signait l&rsquo;acte de capitulation mettant fin à la Seconde Guerre Mondiale. Ce conflit, dont le nombre de victimes, tant civiles que militaires, est estimé à plus de soixante millions de personnes à travers le monde,  résonne encore de nos jours par les atrocités et les souffrances qui ont eu lieu.</p>



<p>Chaque année, le 8 mai, nous commémorons la fin de ce conflit dévastateur, mais nous honorons surtout la mémoire de ceux qui ont perdu la vie pour notre liberté. Cet anniversaire offre l&rsquo;occasion de réfléchir aux leçons tirées de la guerre et à l&rsquo;importance de préserver la paix, alors même que de nombreux conflits agitent le monde, au risque de nous faire perdre notre unité.</p>



<p></p>



<p></p>



<p></p>
</div><figure class="wp-block-media-text__media"><img loading="lazy" decoding="async" width="318" height="1024" src="https://veslud.com/wp-content/uploads/2024/05/Veslud-8_mai-2024_03-318x1024.jpg" alt="" class="wp-image-1558 size-full" srcset="https://veslud.com/wp-content/uploads/2024/05/Veslud-8_mai-2024_03-318x1024.jpg 318w, https://veslud.com/wp-content/uploads/2024/05/Veslud-8_mai-2024_03-93x300.jpg 93w, https://veslud.com/wp-content/uploads/2024/05/Veslud-8_mai-2024_03-768x2474.jpg 768w, https://veslud.com/wp-content/uploads/2024/05/Veslud-8_mai-2024_03-477x1536.jpg 477w, https://veslud.com/wp-content/uploads/2024/05/Veslud-8_mai-2024_03-636x2048.jpg 636w, https://veslud.com/wp-content/uploads/2024/05/Veslud-8_mai-2024_03-scaled.jpg 795w" sizes="auto, (max-width: 318px) 100vw, 318px" /></figure></div>



<p></p>



<p>Merci à tous ceux qui étaient présents pour ce devoir de mémoire, notamment à ceux qui continuent de transmettre ces leçons essentielles aux jeunes générations.</p>



<figure class="wp-block-image size-large"><img loading="lazy" decoding="async" width="1024" height="738" src="https://veslud.com/wp-content/uploads/2024/05/Veslud-8_Mai-2024_01-1024x738.jpg" alt="" class="wp-image-1559" srcset="https://veslud.com/wp-content/uploads/2024/05/Veslud-8_Mai-2024_01-1024x738.jpg 1024w, https://veslud.com/wp-content/uploads/2024/05/Veslud-8_Mai-2024_01-300x216.jpg 300w, https://veslud.com/wp-content/uploads/2024/05/Veslud-8_Mai-2024_01-768x554.jpg 768w, https://veslud.com/wp-content/uploads/2024/05/Veslud-8_Mai-2024_01-1536x1108.jpg 1536w, https://veslud.com/wp-content/uploads/2024/05/Veslud-8_Mai-2024_01-2048x1477.jpg 2048w" sizes="auto, (max-width: 1024px) 100vw, 1024px" /></figure>

<p>Il y a 79 ans, le 8 mai 1945, l&rsquo;Allemagne nazie signait l&rsquo;acte de capitulation mettant fin à la Seconde Guerre Mondiale. Ce conflit, dont le nombre de victimes, tant civiles que militaires, est estimé à plus de soixante millions de personnes à travers le monde, résonne encore de nos jours par les atrocités et les souffrances qui ont eu lieu. Chaque année, le 8 mai, nous commémorons la fin de ce conflit dévastateur, mais nous honorons surtout la mémoire de ceux qui ont perdu la vie pour notre liberté. Cet anniversaire offre l&rsquo;occasion de réfléchir aux leçons tirées de la guerre et à l&rsquo;importance de préserver la paix, alors même que de nombreux conflits agitent le monde, au risque de nous faire perdre notre unité. Merci à tous ceux qui étaient présents pour ce devoir de mémoire, notamment à ceux qui continuent de transmettre ces leçons essentielles aux jeunes&hellip;</p>
<p> <a class="more-link" href="https://veslud.com/index.php/ceremonie-du-8-mai-2024/">Lire la suite</a></p>
