{"id":1455,"date":"2023-11-11T17:11:52","date_gmt":"2023-11-11T16:11:52","guid":{"rendered":"https:\/\/veslud.com\/?page_id=1455"},"modified":"2023-11-11T17:11:53","modified_gmt":"2023-11-11T16:11:53","slug":"ceremonie-du-11-novembre-3","status":"publish","type":"page","link":"https:\/\/veslud.com\/index.php\/ceremonie-du-11-novembre-3\/","title":{"rendered":"C\u00e9r\u00e9monie du 11 Novembre"},"content":{"rendered":"\n<figure class=\"wp-block-image size-large\"><img loading=\"lazy\" decoding=\"async\" width=\"1024\" height=\"768\" src=\"https:\/\/veslud.com\/wp-content\/uploads\/2023\/11\/11Novembre-Veslud-2023-001-1024x768.jpeg\" alt=\"\" class=\"wp-image-1452\" srcset=\"https:\/\/veslud.com\/wp-content\/uploads\/2023\/11\/11Novembre-Veslud-2023-001-1024x768.jpeg 1024w, https:\/\/veslud.com\/wp-content\/uploads\/2023\/11\/11Novembre-Veslud-2023-001-300x225.jpeg 300w, https:\/\/veslud.com\/wp-content\/uploads\/2023\/11\/11Novembre-Veslud-2023-001-768x576.jpeg 768w, https:\/\/veslud.com\/wp-content\/uploads\/2023\/11\/11Novembre-Veslud-2023-001-1536x1152.jpeg 1536w, https:\/\/veslud.com\/wp-content\/uploads\/2023\/11\/11Novembre-Veslud-2023-001-2048x1536.jpeg 2048w\" sizes=\"auto, (max-width: 1024px) 100vw, 1024px\" \/><\/figure>\n\n\n\n<p>Dans un contexte international troubl\u00e9, cette c\u00e9r\u00e9monie du 11 novembre \u00e0 Veslud a rev\u00eatu une importance particuli\u00e8re, rappelant non seulement les sacrifices de la Grande Guerre mais \u00e9galement la r\u00e9alit\u00e9 des conflits actuels au-del\u00e0 de nos fronti\u00e8res.<\/p>\n\n\n\n<div class=\"wp-block-media-text has-media-on-the-right is-stacked-on-mobile\"><div class=\"wp-block-media-text__content\">\n<p>Apr\u00e8s un recueillement sur les tombes des anciens combattants, un vin d&rsquo;honneur a \u00e9t\u00e9 partag\u00e9 \u00e0 la mairie afin de remercier tous les participants qui sont venus honorer ce devoir de m\u00e9moire.<\/p>\n<\/div><figure class=\"wp-block-media-text__media\"><img loading=\"lazy\" decoding=\"async\" width=\"1024\" height=\"768\" src=\"https:\/\/veslud.com\/wp-content\/uploads\/2023\/11\/11Novembre-Veslud-2023-003-1024x768.jpeg\" alt=\"\" class=\"wp-image-1453 size-full\" srcset=\"https:\/\/veslud.com\/wp-content\/uploads\/2023\/11\/11Novembre-Veslud-2023-003-1024x768.jpeg 1024w, https:\/\/veslud.com\/wp-content\/uploads\/2023\/11\/11Novembre-Veslud-2023-003-300x225.jpeg 300w, https:\/\/veslud.com\/wp-content\/uploads\/2023\/11\/11Novembre-Veslud-2023-003-768x576.jpeg 768w, https:\/\/veslud.com\/wp-content\/uploads\/2023\/11\/11Novembre-Veslud-2023-003-1536x1152.jpeg 1536w, https:\/\/veslud.com\/wp-content\/uploads\/2023\/11\/11Novembre-Veslud-2023-003-2048x1536.jpeg 2048w\" sizes=\"auto, (max-width: 1024px) 100vw, 1024px\" \/><\/figure><\/div>\n","protected":false},"excerpt":{"rendered":"<p>Dans un contexte international troubl\u00e9, cette c\u00e9r\u00e9monie du 11 novembre \u00e0 Veslud a rev\u00eatu une importance particuli\u00e8re, rappelant non seulement les sacrifices de la Grande Guerre mais \u00e9galement la r\u00e9alit\u00e9 des conflits actuels au-del\u00e0 de nos fronti\u00e8res. Apr\u00e8s un recueillement sur les tombes des anciens combattants, un vin d&rsquo;honneur a \u00e9t\u00e9 partag\u00e9 \u00e0 la mairie afin de remercier tous les participants qui sont venus honorer ce devoir de m\u00e9moire.<\/p>\n","protected":false},"author":1,"featured_media":1452,"parent":0,"menu_order":0,"comment_status":"closed","ping_status":"closed","template":"","meta":{"footnotes":""},"class_list":["post-1455","page","type-page","status-publish","has-post-thumbnail"],"_links":{"self":[{"href":"https:\/\/veslud.com\/index.php\/wp-json\/wp\/v2\/pages\/1455","targetHints":{"allow":["GET"]}}],"collection":[{"href":"https:\/\/veslud.com\/index.php\/wp-json\/wp\/v2\/pages"}],"about":[{"href":"https:\/\/veslud.com\/index.php\/wp-json\/wp\/v2\/types\/page"}],"author":[{"embeddable":true,"href":"https:\/\/veslud.com\/index.php\/wp-json\/wp\/v2\/users\/1"}],"replies":[{"embeddable":true,"href":"https:\/\/veslud.com\/index.php\/wp-json\/wp\/v2\/comments?post=1455"}],"version-history":[{"count":2,"href":"https:\/\/veslud.com\/index.php\/wp-json\/wp\/v2\/pages\/1455\/revisions"}],"predecessor-version":[{"id":1457,"href":"https:\/\/veslud.com\/index.php\/wp-json\/wp\/v2\/pages\/1455\/revisions\/1457"}],"wp:featuredmedia":[{"embeddable":true,"href":"https:\/\/veslud.com\/index.php\/wp-json\/wp\/v2\/media\/1452"}],"wp:attachment":[{"href":"https:\/\/veslud.com\/index.php\/wp-json\/wp\/v2\/media?parent=1455"}],"curies":[{"name":"wp","href":"https:\/\/api.w.org\/{rel}","templated":true}]}}

Cérémonie du 11 Novembre

<figure class="wp-block-image size-large"><img loading="lazy" decoding="async" width="1024" height="768" src="https://veslud.com/wp-content/uploads/2023/11/11Novembre-Veslud-2023-001-1024x768.jpeg" alt="" class="wp-image-1452" srcset="https://veslud.com/wp-content/uploads/2023/11/11Novembre-Veslud-2023-001-1024x768.jpeg 1024w, https://veslud.com/wp-content/uploads/2023/11/11Novembre-Veslud-2023-001-300x225.jpeg 300w, https://veslud.com/wp-content/uploads/2023/11/11Novembre-Veslud-2023-001-768x576.jpeg 768w, https://veslud.com/wp-content/uploads/2023/11/11Novembre-Veslud-2023-001-1536x1152.jpeg 1536w, https://veslud.com/wp-content/uploads/2023/11/11Novembre-Veslud-2023-001-2048x1536.jpeg 2048w" sizes="auto, (max-width: 1024px) 100vw, 1024px" /></figure>



<p>Dans un contexte international troublé, cette cérémonie du 11 novembre à Veslud a revêtu une importance particulière, rappelant non seulement les sacrifices de la Grande Guerre mais également la réalité des conflits actuels au-delà de nos frontières.</p>



<div class="wp-block-media-text has-media-on-the-right is-stacked-on-mobile"><div class="wp-block-media-text__content">
<p>Après un recueillement sur les tombes des anciens combattants, un vin d&rsquo;honneur a été partagé à la mairie afin de remercier tous les participants qui sont venus honorer ce devoir de mémoire.</p>
</div><figure class="wp-block-media-text__media"><img loading="lazy" decoding="async" width="1024" height="768" src="https://veslud.com/wp-content/uploads/2023/11/11Novembre-Veslud-2023-003-1024x768.jpeg" alt="" class="wp-image-1453 size-full" srcset="https://veslud.com/wp-content/uploads/2023/11/11Novembre-Veslud-2023-003-1024x768.jpeg 1024w, https://veslud.com/wp-content/uploads/2023/11/11Novembre-Veslud-2023-003-300x225.jpeg 300w, https://veslud.com/wp-content/uploads/2023/11/11Novembre-Veslud-2023-003-768x576.jpeg 768w, https://veslud.com/wp-content/uploads/2023/11/11Novembre-Veslud-2023-003-1536x1152.jpeg 1536w, https://veslud.com/wp-content/uploads/2023/11/11Novembre-Veslud-2023-003-2048x1536.jpeg 2048w" sizes="auto, (max-width: 1024px) 100vw, 1024px" /></figure></div>

<p>Dans un contexte international troublé, cette cérémonie du 11 novembre à Veslud a revêtu une importance particulière, rappelant non seulement les sacrifices de la Grande Guerre mais également la réalité des conflits actuels au-delà de nos frontières. Après un recueillement sur les tombes des anciens combattants, un vin d&rsquo;honneur a été partagé à la mairie afin de remercier tous les participants qui sont venus honorer ce devoir de mémoire.</p>
