{"id":1367,"date":"2023-06-06T18:39:13","date_gmt":"2023-06-06T16:39:13","guid":{"rendered":"https:\/\/veslud.com\/?page_id=1367"},"modified":"2023-06-06T18:39:14","modified_gmt":"2023-06-06T16:39:14","slug":"fete-des-meres-2","status":"publish","type":"page","link":"https:\/\/veslud.com\/index.php\/fete-des-meres-2\/","title":{"rendered":"F\u00eate des M\u00e8res"},"content":{"rendered":"\n<div class=\"wp-block-media-text alignwide is-stacked-on-mobile\"><figure class=\"wp-block-media-text__media\"><img loading=\"lazy\" decoding=\"async\" width=\"1024\" height=\"714\" src=\"https:\/\/veslud.com\/wp-content\/uploads\/2023\/06\/Fete-des-meres_Veslud_2023_001-1024x714.jpg\" alt=\"\" class=\"wp-image-1363 size-full\" srcset=\"https:\/\/veslud.com\/wp-content\/uploads\/2023\/06\/Fete-des-meres_Veslud_2023_001-1024x714.jpg 1024w, https:\/\/veslud.com\/wp-content\/uploads\/2023\/06\/Fete-des-meres_Veslud_2023_001-300x209.jpg 300w, https:\/\/veslud.com\/wp-content\/uploads\/2023\/06\/Fete-des-meres_Veslud_2023_001-768x536.jpg 768w, https:\/\/veslud.com\/wp-content\/uploads\/2023\/06\/Fete-des-meres_Veslud_2023_001-1536x1071.jpg 1536w, https:\/\/veslud.com\/wp-content\/uploads\/2023\/06\/Fete-des-meres_Veslud_2023_001-2048x1428.jpg 2048w\" sizes=\"auto, (max-width: 1024px) 100vw, 1024px\" \/><\/figure><div class=\"wp-block-media-text__content\">\n<p>Cette ann\u00e9e encore les mamans ont \u00e9t\u00e9 mises \u00e0 l&rsquo;honneur ce samedi 3 juin \u00e0 la salle des F\u00eates de Veslud.<\/p>\n\n\n\n<p>Apr\u00e8s quelques mots de G\u00e9rard Loiseaux pour rappeler \u00e0 tous la symbolique de ce jour, un verre de l&rsquo;amiti\u00e9 accompagn\u00e9 de quelques douceurs a \u00e9t\u00e9 servi aux participantes et participants.<\/p>\n<\/div><\/div>\n\n\n\n<p><\/p>\n\n\n\n<div class=\"wp-block-media-text alignwide has-media-on-the-right is-stacked-on-mobile\" style=\"grid-template-columns:auto 58%\"><div class=\"wp-block-media-text__content\">\n<p>Pour clore l&rsquo;\u00e9v\u00e8nement, un bouquet a ensuite \u00e9t\u00e9 remis \u00e0 toutes les mamans pr\u00e9sentes.<\/p>\n\n\n\n<p><\/p>\n\n\n\n<p><\/p>\n\n\n<div class=\"wp-block-image\">\n<figure class=\"alignleft size-large is-resized\"><img loading=\"lazy\" decoding=\"async\" src=\"https:\/\/veslud.com\/wp-content\/uploads\/2023\/06\/Fete-des-meres_Veslud_2023_002-1024x698.jpg\" alt=\"\" class=\"wp-image-1364\" width=\"261\" height=\"178\" srcset=\"https:\/\/veslud.com\/wp-content\/uploads\/2023\/06\/Fete-des-meres_Veslud_2023_002-1024x698.jpg 1024w, https:\/\/veslud.com\/wp-content\/uploads\/2023\/06\/Fete-des-meres_Veslud_2023_002-300x205.jpg 300w, https:\/\/veslud.com\/wp-content\/uploads\/2023\/06\/Fete-des-meres_Veslud_2023_002-768x524.jpg 768w, https:\/\/veslud.com\/wp-content\/uploads\/2023\/06\/Fete-des-meres_Veslud_2023_002-1536x1047.jpg 1536w, https:\/\/veslud.com\/wp-content\/uploads\/2023\/06\/Fete-des-meres_Veslud_2023_002-2048x1396.jpg 2048w\" sizes=\"auto, (max-width: 261px) 100vw, 261px\" \/><\/figure>\n<\/div><\/div><figure class=\"wp-block-media-text__media\"><img loading=\"lazy\" decoding=\"async\" width=\"1024\" height=\"752\" src=\"https:\/\/veslud.com\/wp-content\/uploads\/2023\/06\/Fete-des-meres_Veslud_2023_003-1024x752.jpg\" alt=\"\" class=\"wp-image-1365 size-full\" srcset=\"https:\/\/veslud.com\/wp-content\/uploads\/2023\/06\/Fete-des-meres_Veslud_2023_003-1024x752.jpg 1024w, https:\/\/veslud.com\/wp-content\/uploads\/2023\/06\/Fete-des-meres_Veslud_2023_003-300x220.jpg 300w, https:\/\/veslud.com\/wp-content\/uploads\/2023\/06\/Fete-des-meres_Veslud_2023_003-768x564.jpg 768w, https:\/\/veslud.com\/wp-content\/uploads\/2023\/06\/Fete-des-meres_Veslud_2023_003-1536x1128.jpg 1536w, https:\/\/veslud.com\/wp-content\/uploads\/2023\/06\/Fete-des-meres_Veslud_2023_003-2048x1503.jpg 2048w\" sizes=\"auto, (max-width: 1024px) 100vw, 1024px\" \/><\/figure><\/div>\n\n\n\n<p>Un grand merci \u00e0 tous ceux qui ont contribu\u00e9 \u00e0 la r\u00e9ussite de cette belle r\u00e9union.<\/p>\n\n\n<div class=\"wp-block-image\">\n<figure class=\"aligncenter size-large\"><img loading=\"lazy\" decoding=\"async\" width=\"1024\" height=\"768\" src=\"https:\/\/veslud.com\/wp-content\/uploads\/2023\/06\/Fete-des-meres_Veslud_2023_004-1024x768.jpg\" alt=\"\" class=\"wp-image-1366\" srcset=\"https:\/\/veslud.com\/wp-content\/uploads\/2023\/06\/Fete-des-meres_Veslud_2023_004-1024x768.jpg 1024w, https:\/\/veslud.com\/wp-content\/uploads\/2023\/06\/Fete-des-meres_Veslud_2023_004-300x225.jpg 300w, https:\/\/veslud.com\/wp-content\/uploads\/2023\/06\/Fete-des-meres_Veslud_2023_004-768x576.jpg 768w, https:\/\/veslud.com\/wp-content\/uploads\/2023\/06\/Fete-des-meres_Veslud_2023_004-1536x1152.jpg 1536w, https:\/\/veslud.com\/wp-content\/uploads\/2023\/06\/Fete-des-meres_Veslud_2023_004-2048x1536.jpg 2048w\" sizes=\"auto, (max-width: 1024px) 100vw, 1024px\" \/><\/figure>\n<\/div>","protected":false},"excerpt":{"rendered":"<p>Cette ann\u00e9e encore les mamans ont \u00e9t\u00e9 mises \u00e0 l&rsquo;honneur ce samedi 3 juin \u00e0 la salle des F\u00eates de Veslud. Apr\u00e8s quelques mots de G\u00e9rard Loiseaux pour rappeler \u00e0 tous la symbolique de ce jour, un verre de l&rsquo;amiti\u00e9 accompagn\u00e9 de quelques douceurs a \u00e9t\u00e9 servi aux participantes et participants. Un grand merci \u00e0 tous ceux qui ont contribu\u00e9 \u00e0 la r\u00e9ussite de cette belle r\u00e9union.<\/p>\n","protected":false},"author":1,"featured_media":1362,"parent":0,"menu_order":0,"comment_status":"closed","ping_status":"closed","template":"","meta":{"footnotes":""},"class_list":["post-1367","page","type-page","status-publish","has-post-thumbnail"],"_links":{"self":[{"href":"https:\/\/veslud.com\/index.php\/wp-json\/wp\/v2\/pages\/1367","targetHints":{"allow":["GET"]}}],"collection":[{"href":"https:\/\/veslud.com\/index.php\/wp-json\/wp\/v2\/pages"}],"about":[{"href":"https:\/\/veslud.com\/index.php\/wp-json\/wp\/v2\/types\/page"}],"author":[{"embeddable":true,"href":"https:\/\/veslud.com\/index.php\/wp-json\/wp\/v2\/users\/1"}],"replies":[{"embeddable":true,"href":"https:\/\/veslud.com\/index.php\/wp-json\/wp\/v2\/comments?post=1367"}],"version-history":[{"count":3,"href":"https:\/\/veslud.com\/index.php\/wp-json\/wp\/v2\/pages\/1367\/revisions"}],"predecessor-version":[{"id":1370,"href":"https:\/\/veslud.com\/index.php\/wp-json\/wp\/v2\/pages\/1367\/revisions\/1370"}],"wp:featuredmedia":[{"embeddable":true,"href":"https:\/\/veslud.com\/index.php\/wp-json\/wp\/v2\/media\/1362"}],"wp:attachment":[{"href":"https:\/\/veslud.com\/index.php\/wp-json\/wp\/v2\/media?parent=1367"}],"curies":[{"name":"wp","href":"https:\/\/api.w.org\/{rel}","templated":true}]}}

Fête des Mères

<div class="wp-block-media-text alignwide is-stacked-on-mobile"><figure class="wp-block-media-text__media"><img loading="lazy" decoding="async" width="1024" height="714" src="https://veslud.com/wp-content/uploads/2023/06/Fete-des-meres_Veslud_2023_001-1024x714.jpg" alt="" class="wp-image-1363 size-full" srcset="https://veslud.com/wp-content/uploads/2023/06/Fete-des-meres_Veslud_2023_001-1024x714.jpg 1024w, https://veslud.com/wp-content/uploads/2023/06/Fete-des-meres_Veslud_2023_001-300x209.jpg 300w, https://veslud.com/wp-content/uploads/2023/06/Fete-des-meres_Veslud_2023_001-768x536.jpg 768w, https://veslud.com/wp-content/uploads/2023/06/Fete-des-meres_Veslud_2023_001-1536x1071.jpg 1536w, https://veslud.com/wp-content/uploads/2023/06/Fete-des-meres_Veslud_2023_001-2048x1428.jpg 2048w" sizes="auto, (max-width: 1024px) 100vw, 1024px" /></figure><div class="wp-block-media-text__content">
<p>Cette année encore les mamans ont été mises à l&rsquo;honneur ce samedi 3 juin à la salle des Fêtes de Veslud.</p>



<p>Après quelques mots de Gérard Loiseaux pour rappeler à tous la symbolique de ce jour, un verre de l&rsquo;amitié accompagné de quelques douceurs a été servi aux participantes et participants.</p>
</div></div>



<p></p>



<div class="wp-block-media-text alignwide has-media-on-the-right is-stacked-on-mobile" style="grid-template-columns:auto 58%"><div class="wp-block-media-text__content">
<p>Pour clore l&rsquo;évènement, un bouquet a ensuite été remis à toutes les mamans présentes.</p>



<p></p>



<p></p>


<div class="wp-block-image">
<figure class="alignleft size-large is-resized"><img loading="lazy" decoding="async" src="https://veslud.com/wp-content/uploads/2023/06/Fete-des-meres_Veslud_2023_002-1024x698.jpg" alt="" class="wp-image-1364" width="261" height="178" srcset="https://veslud.com/wp-content/uploads/2023/06/Fete-des-meres_Veslud_2023_002-1024x698.jpg 1024w, https://veslud.com/wp-content/uploads/2023/06/Fete-des-meres_Veslud_2023_002-300x205.jpg 300w, https://veslud.com/wp-content/uploads/2023/06/Fete-des-meres_Veslud_2023_002-768x524.jpg 768w, https://veslud.com/wp-content/uploads/2023/06/Fete-des-meres_Veslud_2023_002-1536x1047.jpg 1536w, https://veslud.com/wp-content/uploads/2023/06/Fete-des-meres_Veslud_2023_002-2048x1396.jpg 2048w" sizes="auto, (max-width: 261px) 100vw, 261px" /></figure>
</div></div><figure class="wp-block-media-text__media"><img loading="lazy" decoding="async" width="1024" height="752" src="https://veslud.com/wp-content/uploads/2023/06/Fete-des-meres_Veslud_2023_003-1024x752.jpg" alt="" class="wp-image-1365 size-full" srcset="https://veslud.com/wp-content/uploads/2023/06/Fete-des-meres_Veslud_2023_003-1024x752.jpg 1024w, https://veslud.com/wp-content/uploads/2023/06/Fete-des-meres_Veslud_2023_003-300x220.jpg 300w, https://veslud.com/wp-content/uploads/2023/06/Fete-des-meres_Veslud_2023_003-768x564.jpg 768w, https://veslud.com/wp-content/uploads/2023/06/Fete-des-meres_Veslud_2023_003-1536x1128.jpg 1536w, https://veslud.com/wp-content/uploads/2023/06/Fete-des-meres_Veslud_2023_003-2048x1503.jpg 2048w" sizes="auto, (max-width: 1024px) 100vw, 1024px" /></figure></div>



<p>Un grand merci à tous ceux qui ont contribué à la réussite de cette belle réunion.</p>


<div class="wp-block-image">
<figure class="aligncenter size-large"><img loading="lazy" decoding="async" width="1024" height="768" src="https://veslud.com/wp-content/uploads/2023/06/Fete-des-meres_Veslud_2023_004-1024x768.jpg" alt="" class="wp-image-1366" srcset="https://veslud.com/wp-content/uploads/2023/06/Fete-des-meres_Veslud_2023_004-1024x768.jpg 1024w, https://veslud.com/wp-content/uploads/2023/06/Fete-des-meres_Veslud_2023_004-300x225.jpg 300w, https://veslud.com/wp-content/uploads/2023/06/Fete-des-meres_Veslud_2023_004-768x576.jpg 768w, https://veslud.com/wp-content/uploads/2023/06/Fete-des-meres_Veslud_2023_004-1536x1152.jpg 1536w, https://veslud.com/wp-content/uploads/2023/06/Fete-des-meres_Veslud_2023_004-2048x1536.jpg 2048w" sizes="auto, (max-width: 1024px) 100vw, 1024px" /></figure>
</div>

<p>Cette année encore les mamans ont été mises à l&rsquo;honneur ce samedi 3 juin à la salle des Fêtes de Veslud. Après quelques mots de Gérard Loiseaux pour rappeler à tous la symbolique de ce jour, un verre de l&rsquo;amitié accompagné de quelques douceurs a été servi aux participantes et participants. Un grand merci à tous ceux qui ont contribué à la réussite de cette belle réunion.</p>
